hen 12574608 is divided by 598788.
60
What is the remainder when 7843938 is divided by 267?
12
What is the remainder when 4031689 is divided by 1172?
9
Calculate the remainder when 54676 is divided by 668.
568
Calculate the remainder when 1682704 is divided by 420620.
224
What is the remainder when 72075292 is divided by 295?
7
What is the remainder when 26505 is divided by 242?
127
What is the remainder when 366271 is divided by 183101?
69
Calculate the remainder when 22439 is divided by 5539.
283
What is the remainder when 744470 is divided by 28?
6
Calculate the remainder when 16790915 is divided by 41.
21
Calculate the remainder when 40306581 is divided by 66.
51
Calculate the remainder when 1251866 is divided by 207926.
4310
What is the remainder when 23657738 is divided by 11828814?
110
What is the remainder when 82390889 is divided by 463?
39
Calculate the remainder when 3910521 is divided by 1935.
1821
Calculate the remainder when 811999 is divided by 612.
487
What is the remainder when 120220 is divided by 12?
4
What is the remainder when 297531 is divided by 11019?
18
Calculate the remainder when 2576226 is divided by 392.
2
What is the remainder when 3229442 is divided by 836?
810
What is the remainder when 27798608 is divided by 16050?
8
Calculate the remainder when 17060453 is divided by 291.
287
Calculate the remainder when 8767108 is divided by 3354.
3106
Calculate the remainder when 22950358 is divided by 3771.
52
Calculate the remainder when 2161487 is divided by 691.
39
Calculate the remainder when 9244287 is divided by 16.
15
What is the remainder when 307645 is divided by 3844?
125
Calculate the remainder when 153412981 is divided by 3149.
3148
What is the remainder when 96372 is divided by 860?
52
Calculate the remainder when 24453 is divided by 7557.
1782
What is the remainder when 13393 is divided by 404?
61
What is the remainder when 150377255 is divided by 14?
7
What is the remainder when 52917640 is divided by 149?
141
Calculate the remainder when 390074 is divided by 1027.
841
Calculate the remainder when 795582 is divided by 4911.
0
What is the remainder when 113626 is divided by 1565?
946
Calculate the remainder when 61995942 is divided by 966.
960
Calculate the remainder when 26570382 is divided by 2924.
2918
Calculate the remainder when 29209793 is divided by 2136.
2129
Calculate the remainder when 1008985 is divided by 1008933.
52
Calculate the remainder when 4219 is divided by 1258.
445
Calculate the remainder when 1021063 is divided by 31.
16
Calculate the remainder when 356091 is divided by 3356.
355
Calculate the remainder when 1092774 is divided by 136595.
14
What is the remainder when 828700 is divided by 59166?
376
Calculate the remainder when 134914 is divided by 227.
76
What is the remainder when 6968001 is divided by 313?
308
Calculate the remainder when 2214900 is divided by 408.
276
What is the remainder when 13212 is divided by 12656?
556
What is the remainder when 154994 is divided by 35?
14
What is the remainder when 347670816 is divided by 70?
66
What is the remainder when 9027923 is divided by 9027640?
283
What is the remainder when 10984869 is divided by 2148?
2145
What is the remainder when 1077803 is divided by 32638?
749
Calculate the remainder when 44482 is divided by 1200.
82
What is the remainder when 1387665 is divided by 719?
714
Calculate the remainder when 5506048 is divided by 12.
4
What is the remainder when 12569 is divided by 101?
45
Calculate the remainder when 946182 is divided by 413.
412
What is the remainder when 19413 is divided by 122?
15
Calculate the remainder when 3281482 is divided by 69818.
36
Calculate the remainder when 16399411 is divided by 1053.
1042
What is the remainder when 435236 is divided by 2459?
2452
What is the remainder when 4192 is divided by 3280?
912
What is the remainder when 60903 is divided by 8694?
45
What is the remainder when 21298 is divided by 3121?
2572
What is the remainder when 4550501 is divided by 66?
65
What is the remainder when 179647 is divided by 7000?
4647
What is the remainder when 333790 is divided by 883?
16
What is the remainder when 42921 is divided by 10144?
2345
What is the remainder when 2023915 is divided by 113?
85
What is the remainder when 323816 is divided by 3055?
3041
What is the remainder when 45159166 is divided by 22126?
0
What is the remainder when 7722 is divided by 7361?
361
What is the remainder when 656798 is divided by 218929?
11
What is the remainder when 848129 is divided by 3594?
3539
What is the remainder when 141611 is divided by 158?
43
What is the remainder when 2177719 is divided by 284?
7
What is the remainder when 301241 is divided by 472?
105
Calculate the remainder when 129948 is divided by 2675.
1548
Calculate the remainder when 18592286 is divided by 884.
882
Calculate the remainder when 4963753 is divided by 100.
53
Calculate the remainder when 470109 is divided by 777.
24
What is the remainder when 84995598 is divided by 4?
2
What is the remainder when 4379955 is divided by 38?
37
Calculate the remainder when 28252 is divided by 46.
8
Calculate the remainder when 6857036 is divided by 46966.
0
Calculate the remainder when 3765557 is divided by 582.
17
Calculate the remainder when 2094441 is divided by 11.
8
Calculate the remainder when 10208517 is divided by 5014.
13
What is the remainder when 25932514 is divided by 317?
12
Calculate the remainder when 3156979 is divided by 194.
17
Calculate the remainder when 821712 is divided by 710.
242
Calculate the remainder when 1149524 is divided by 1149346.
178
Calculate the remainder when 1112675 is divided by 583.
311
Calculate the remainder when 28071 is divided by 6604.
1655
Calculate the remainder when 93453 is divided by 46589.
275
Calculate the remainder when 3792822 is divided by 767.
7
What is the remainder when 28220999 is divided by 100?
99
What is the remainder when 12813100 is divided by 355919?
16
Calculate the remainder when 2831950 is divided by 41646.
22
What is the remainder when 898966 is divided by 318?
298
What is the remainder when 3587759 is divided by 120?
119
Calculate the remainder when 3200311 is divided by 20647.
26
Calculate the remainder when 7047685 is divided by 920.
485
What is the remainder when 137796 is divided by 1369?
896
Calculate the remainder when 441043713 is divided by 12.
9
Calculate the remainder when 15731872 is divided by 383704.
8
What is the remainder when 208093 is divided by 101675?
4743
Calculate the remainder when 360708 is divided by 22508.
580
What is the remainder when 7099406 is divided by 3076?
3074
What is the remainder when 2030355 is divided by 66?
63
Calculate the remainder when 13656598 is divided by 300.
298
What is the remainder when 98745 is divided by 702?
465
What is the remainder when 12802127 is divided by 81?
77
Calculate the remainder when 5556728 is divided by 2089.
2077
Calculate the remainder when 31411920 is divided by 2481.
2460
What is the remainder when 242143 is divided by 121032?
79
What is the remainder when 6679760 is divided by 954?
806
What is the remainder when 124885 is divided by 41545?
250
What is the remainder when 24229708 is divided by 1425272?
84
What is the remainder when 39732 is divided by 33955?
5777
What is the remainder when 6030296 is divided by 215367?
20
What is the remainder when 28677 is divided by 2462?
1595
What is the remainder when 478985 is divided by 113?
91
What is the remainder when 305815 is divided by 6505?
80
What is the remainder when 1990860 is divided by 3633?
3609
Calculate the remainder when 27646 is divided by 296.
118
What is the remainder when 65360 is divided by 7254?
74
What is the remainder when 25534798 is divided by 246?
244
Calculate the remainder when 138350 is divided by 8123.
259
Calculate the remainder when 14912284 is divided by 52.
36
Calculate the remainder when 214647 is divided by 21429.
357
Calculate the remainder when 20200 is divided by 1730.
1170
What is the remainder when 24168 is divided by 275?
243
What is the remainder when 9288010 is divided by 4286?
248
What is the remainder when 506427 is divided by 2507?
13
What is the remainder when 2401549 is divided by 1944?
709
What is the remainder when 103975 i